f(t) = -t**3 - 13*t**2 + 257*t - 14. Determine f(11).
-91
Let b(q) = -25*q**2 - 34*q - 6. Determine b(0).
-6
Let o(w) = -2*w**3 + 21*w**2 - 15*w + 16. Give o(10).
-34
Let k(u) = 309*u + 132. Determine k(-4).
-1104
Let q(z) = -z**3 + 45*z**2 - 83*z - 118. What is q(43)?
11
Let g(v) = v**2 + 30*v + 57. Give g(-26).
-47
Let q(l) = -l**2 - 60*l - 76. What is q(-58)?
40
Let u(k) = -k**2 - 33*k - 213. Give u(-26).
-31
Let w(t) = t**3 + 5*t**2 + 13*t + 141. Give w(-7).
-48
Let h(c) = 43*c**3 - 560*c**2 + 11*c - 1. Determine h(13).
-27
Let s(q) = 76*q + 9562. Give s(-126).
-14
Let k(u) = u**3 - 16*u**2 - 166*u + 2531. What is k(17)?
-2
Let a(f) = -839*f**2 - 10908*f - 10. Give a(-13).
3
Let h(v) = v**3 - 22*v**2 + 57*v - 48. What is h(19)?
-48
Let r(y) = y**2 + 2932*y + 14630. Determine r(-5).
-5
Let z(a) = -36*a + 57. Calculate z(2).
-15
Let l(b) = -4*b**2 + 10*b + 1052. Determine l(-15).
2
Let s(x) = x**3 - 18*x**2 + 37*x - 47. What is s(16)?
33
Let y(i) = -2*i**3 + 122*i**2 + 39*i - 2374. Determine y(61).
5
Let d(s) = -s**2 + 91*s - 1396. Calculate d(19).
-28
Let q(g) = g**3 + 4*g**2 - 4*g + 35. Give q(-7).
-84
Let f(q) = -q**2 + 46*q + 8678. What is f(119)?
-9
Let o(z) = 13*z**2 + 214*z - 1669. What is o(8)?
875
Let l(q) = -119*q + 2266. Give l(19).
5
Let c(l) = 37*l**2 - 108*l - 7. Determine c(3).
2
Let w(s) = 15*s**3 - 80*s**2 + 19*s + 23. Calculate w(5).
-7
Let a(r) = 2*r**2 + 7*r - 141. Calculate a(12).
231
Let c(p) = -30*p + 102. Give c(1).
72
Let u(d) = d**3 + 5*d**2 - 144*d - 938. Give u(-10).
2
Let i(a) = 156*a - 1705. What is i(10)?
-145
Let l(u) = 3*u**3 + 93*u**2 - 94*u + 31. Calculate l(-32).
-33
Let f(c) = 2*c**2 - 155*c + 596. Calculate f(4).
8
Let s(l) = -41*l + 3816. Determine s(95).
-79
Let j(i) = 9*i**2 + 29*i - 1. Calculate j(-6).
149
Let h(y) = -15*y - 1557. What is h(-47)?
-852
Let q(l) = -31*l**2 - 4*l + 18. Determine q(-5).
-737
Let n(o) = -2*o**2 + 35*o - 195. Determine n(9).
-42
Let w(y) = 2*y**3 - 60*y**2 - 127*y - 38. Determine w(32).
-6
Let y(f) = 222*f - 4356. Calculate y(20).
84
Let a(k) = -k**2 - 18*k + 91. Determine a(-22).
3
Let v(d) = -300*d - 41703. Give v(-139).
-3
Let f(b) = 10416*b + 8. Give f(0).
8
Let z(h) = 50*h**3 - 503*h**2 + 33*h - 27. Determine z(10).
3
Let k(t) = 13*t - 391. What is k(22)?
-105
Let j(b) = 183*b - 73388. Give j(401).
-5
Let a(r) = -1926*r + 5785. Give a(3).
7
Let j(p) = p**2 + 18*p + 100. Calculate j(-8).
20
Let m(d) = -7*d**3 - 83*d**2 + 46*d + 402. Calculate m(-12).
-6
Let s(q) = 99*q + 15. Give s(-3).
-282
Let b(c) = 2*c**2 + 28*c + 99. What is b(-7)?
1
Let t(k) = 678*k - 4075. What is t(6)?
-7
Let a(g) = 25*g**2 + 7*g - 62. Calculate a(5).
598
Let d(s) = s**3 + 55*s**2 - 62*s - 336. What is d(-56)?
0
Let q(o) = -438*o - 3934. Give q(-9).
8
Let v(n) = 7*n**2 - 3*n + 10. Give v(3).
64
Let g(q) = q**3 + 35*q**2 - 625*q - 49. Determine g(-48).
-1
Let o(j) = 2*j**3 + 71*j**2 + 435*j - 25. Determine o(-8).
15
Let d(r) = 54*r**2 + 270*r + 12. Calculate d(-5).
12
Let c(o) = -109*o**2 - 2399*o - 12. What is c(-22)?
10
Let y(u) = 3*u**3 + 9*u**2 + 27*u - 4. Give y(-4).
-160
Let h(a) = 1906*a - 7619. What is h(4)?
5
Let k(u) = -u**3 + 5*u**2 + 23*u - 63. What is k(2)?
-5
Let j(k) = 10*k**2 - 334*k + 130. Give j(33).
-2
Let v(y) = -121*y + 984. Calculate v(8).
16
Let f(a) = a**3 - 6*a**2 + 110*a - 539. What is f(5)?
-14
Let z(q) = -27*q - 63. What is z(-4)?
45
Let q(j) = -j**2 + 135*j - 4565. Give q(69).
-11
Let m(z) = 982*z - 17665. Determine m(18).
11
Let s(n) = 2*n**3 - 26*n**2 + 57*n - 148. Give s(11).
-5
Let n(d) = -7*d**2 - d + 20. What is n(-5)?
-150
Let k(m) = -2*m**3 + 20*m**2 - 8*m + 23. Determine k(10).
-57
Let y(x) = -x**3 + 11*x**2 + 10*x + 5. What is y(12)?
-19
Let m(v) = -v + 2. Determine m(14).
-12
Let i(u) = u**3 - 11*u**2 - 784*u + 87. What is i(34)?
19
Let s(m) = -645*m + 19342. Give s(30).
-8
Let n(f) = -5*f**2 + 66*f + 128. Give n(-2).
-24
Let d(k) = -k**2 + 30*k - 205. Give d(11).
4
Let h(n) = 24*n - 181. Calculate h(3).
-109
Let v(i) = -41*i + 333. Determine v(16).
-323
Let g(y) = 729*y + 5820. What is g(-8)?
-12
Let c(w) = -w**3 - 9*w**2 - 23*w - 253. Determine c(-9).
-46
Let u(t) = -t**2 - 48*t - 362. Determine u(-34).
114
Let a(s) = -s**3 - 13*s**2 + 188*s - 217. What is a(-22)?
3
Let c(g) = -6*g**2 - 134*g - 54. Give c(-22).
-10
Let b(u) = u**3 - 10*u**2 + 31*u - 28. What is b(6)?
14
Let c(n) = n**3 - 3*n**2 + 3*n - 51. Give c(5).
14
Let u(q) = 9*q**2 - q - 12. Calculate u(-2).
26
Let k(o) = -2*o**3 - 17*o**2 - 59*o - 12. Determine k(-6).
162
Let f(d) = 20*d + 279. What is f(-12)?
39
Let s(b) = -2*b**2 - 15*b + 132. What is s(-23)?
-581
Let a(o) = -2*o**2 - 170*o - 2764. Calculate a(-22).
8
Let y(b) = 27*b**2 - 15*b - 24. What is y(-2)?
114
Let m(p) = p**3 - 21*p**2 - 4*p + 2. Give m(20).
-478
Let d(m) = 2548*m + 5059. What is d(-2)?
-37
Let u(q) = -8*q**3 - 47*q**2 + 23*q + 22. Determine u(-6).
-80
Let k(a) = -a**3 - 298*a**2 - 147*a - 43812. Calculate k(-298).
-6
Let f(n) = -n**3 - 10*n**2 - n + 5. What is f(-2)?
-25
Let c(d) = -105*d + 4826. Calculate c(46).
-4
Let o(b) = 58*b - 295. What is o(5)?
-5
Let j(w) = -93*w - 481. Calculate j(-9).
356
Let c(v) = 194*v - 611. Calculate c(4).
165
Let w(u) = -72*u + 80. What is w(4)?
-208
Let h(s) = -6*s**2 + 11*s - 59. Determine h(5).
-154
Let p(c) = 2*c**2 + 285*c + 9491. Determine p(-53).
4
Let p(n) = -679*n - 290614. Give p(-428).
-2
Let k(x) = 676*x + 6761. Determine k(-10).
1
Let l(s) = -7*s**2 - 162*s - 431. What is l(-20)?
9
Let f(z) = -53*z + 15530. Determine f(293).
1
Let l(z) = 16*z**2 - 212*z - 7. Calculate l(13).
-59
Let s(c) = 4349*c - 4356. What is s(1)?
-7
Let t(n) = 5*n**2 + 17*n + 52. Give t(-3).
46
Let c(y) = 115*y - 20359. Determine c(177).
-4
Let k(w) = w**3 - 26*w**2 - 58*w + 4. Give k(28).
-52
Let m(a) = a**3 - 123*a**2 + 366*a - 721. Determine m(120).
-1
Let m(x) = -x**2 + 82*x + 1239. Calculate m(95).
4
Let c(g) = 34*g - 442. What is c(13)?
0
Let s(g) = g**3 + 29*g**2 + 218*g + 111. Determine s(-15).
-9
Let x(g) = -g**3 - 32*g**2 + 15*g + 158. Give x(-33).
752
Let i(r) = r**3 - 16*r**2 - 33*r - 97. Give i(18).
-43
Let k(h) = 6*h**3 + 146*h**2 + 437*h + 3. Give k(-3).
-156
Let n(j) = -j**3 + 12*j**2 + 10*j + 13. What is n(12)?
133
Let t(m) = m**2 - 27*m + 34. Calculate t(28).
62
Let p(o) = -o**3 - 46*o**2 - 71*o + 754. Calculate p(-44).
6
Let y(k) = -4*k**2 + 1. Calculate y(-1).
-3
Let m(w) = -w**3 + 48*w**2 - 169*w - 389. Calculate m(44).
-81
Let b(w) = 265*w - 43. Calculate b(0).
-43
Let i(t) = 10*t**2 + 1420*t + 26405. What is i(-22)?
5
Let n(r) = -319*r**2 - 1268*r + 24. Give n(-4).
-8
Let u(n) = 75*n**2 + 1424*n - 40. Give u(-19).
-21
Let r(q) = -q**3 - 13*q**2 - 26*q - 10. Calculate r(-14).
550
Let d(t) = -204*t + 2045. Give d(10).
5
Let v(f) = f**3 - 11*f**2 - 101*f - 36. Calculate v(17).
-19
Let w(u) = -143*u + 2291. Calculate w(16).
3
Let l(q) = 12*q - 129. Determine l(-17).
-333
Let v(h) = -13*h**2 - 458*h - 147. Determine v(-35).
-42
Let f(a) = 1005*a - 19094. Determine f(19).
1
Let d(y) = -87*y + 1303. What is d(8)?
607
Let z(u) = -2196*u - 35133. Determine z(-16).
3
Let i(h) = h**2 + 2256*h + 29128. What is i(-13)?
-31
Let p(k) = -k**3 - 12*k**2 - 23*k - 15. Determine p(-11).
117
Let p(u) = 123*u - 611. Give p(5).
4
Let t(b) = 6*b**3 - b**2 + 47*b - 210. Give t(4).
346
Let h(q) = -37*q + 122. Determine h(7).
-137
Let n(d) = -3*d**3 - 40*d**2 + 31*d + 44. Determine n(-14).
2
Let y(z) = 24*z - 157. Calculate y(10).
83
Let y(f) = -7*f**3 - 3*f**2 - 4*f - 1. What is y(-1)?
7
Let p(r) = -r**2 + 22*r + 4535. Calculate p(-57).
32
Let b(o) = -210*o + 2095. Determine b(10).
-5
Let i(h) = -h**2 - 8*h + 130. Determine i(-15).
25
Let o(i) = 3*i**3 + 24*i**2 + 5*i - 28. Determine o(-8).
-68
Let m(t) = 16*t - 887. What is m(56)?
9
Let o(n) = -2*n**2 + 24*n - 69. Determine o(5).
1
Let y(q) = -4*q**3 - 3*q**2 - 40*q - 72. Calculate y(-2).
28
Let b(j) = 3*j**2 - 72*j - 437. What is b(29)?
-2
Let o(l) = -3*l**2 + 148*l - 291. Give o(2).
-7
Let m(o) = o**3 + 4*o - 7. Determine m(2).
9
Let v(c) = -64*c**2 - 13*c + 144. Give v(4).
-932
Let i(x) = x**2 - 18*x + 68. Give i(10).
-12
Let z(h) = -4*h**2 + 10*h + 10. What is z(3)?
4
Let s(x) = x**2 + 113*x - 24. Determine s(-114).
90
Let d(g) = 33*g**3 + g**2 